6?
281
Calculate the remainder when 8197 is divided by 432.
421
Calculate the remainder when 17630 is divided by 106.
34
What is the remainder when 28092 is divided by 2160?
12
What is the remainder when 26293 is divided by 8758?
19
Calculate the remainder when 39928 is divided by 149.
145
What is the remainder when 129707 is divided by 10808?
11
What is the remainder when 4871 is divided by 38?
7
Calculate the remainder when 187507 is divided by 120.
67
Calculate the remainder when 72357 is divided by 269.
265
What is the remainder when 47530 is divided by 100?
30
What is the remainder when 85928 is divided by 5728?
8
What is the remainder when 10910 is divided by 63?
11
Calculate the remainder when 14743 is divided by 351.
1
What is the remainder when 513496 is divided by 84?
4
Calculate the remainder when 546 is divided by 128.
34
What is the remainder when 712 is divided by 176?
8
What is the remainder when 21102 is divided by 7033?
3
Calculate the remainder when 3813 is divided by 225.
213
Calculate the remainder when 1454 is divided by 256.
174
Calculate the remainder when 234057 is divided by 56.
33
Calculate the remainder when 20586 is divided by 513.
66
What is the remainder when 1226 is divided by 57?
29
Calculate the remainder when 56898 is divided by 100.
98
What is the remainder when 297008 is divided by 934?
930
Calculate the remainder when 109511 is divided by 117.
116
Calculate the remainder when 916 is divided by 36.
16
What is the remainder when 102099 is divided by 253?
140
What is the remainder when 3877 is divided by 3876?
1
Calculate the remainder when 979 is divided by 366.
247
What is the remainder when 732427 is divided by 691?
658
Calculate the remainder when 14043 is divided by 341.
62
What is the remainder when 113031 is divided by 308?
303
Calculate the remainder when 10373 is divided by 797.
12
What is the remainder when 72690 is divided by 197?
194
What is the remainder when 2092 is divided by 457?
264
Calculate the remainder when 6549 is divided by 223.
82
What is the remainder when 359269 is divided by 35?
29
What is the remainder when 143786 is divided by 41?
40
Calculate the remainder when 14624 is divided by 195.
194
What is the remainder when 341763 is divided by 68350?
13
What is the remainder when 343479 is divided by 51?
45
What is the remainder when 74454 is divided by 346?
64
Calculate the remainder when 8412 is divided by 1387.
90
Calculate the remainder when 2464 is divided by 506.
440
Calculate the remainder when 8649 is divided by 12.
9
What is the remainder when 4327 is divided by 98?
15
What is the remainder when 639 is divided by 486?
153
What is the remainder when 61283 is divided by 241?
69
Calculate the remainder when 84616 is divided by 27.
25
What is the remainder when 14948 is divided by 76?
52
What is the remainder when 16011 is divided by 8?
3
Calculate the remainder when 16454 is divided by 44.
42
Calculate the remainder when 10190 is divided by 854.
796
What is the remainder when 204 is divided by 138?
66
What is the remainder when 7648 is divided by 2532?
52
What is the remainder when 2471471 is divided by 599?
596
Calculate the remainder when 6429 is divided by 127.
79
What is the remainder when 184326 is divided by 227?
2
Calculate the remainder when 8702 is divided by 8690.
12
Calculate the remainder when 5818 is divided by 540.
418
Calculate the remainder when 130459 is divided by 62.
11
What is the remainder when 7039 is divided by 3498?
43
What is the remainder when 646188 is divided by 27?
24
Calculate the remainder when 20008 is divided by 673.
491
What is the remainder when 1932 is divided by 99?
51
Calculate the remainder when 42517 is divided by 567.
559
Calculate the remainder when 9306 is divided by 715.
11
Calculate the remainder when 67635 is divided by 521.
426
Calculate the remainder when 11256 is divided by 286.
102
What is the remainder when 57205 is divided by 1972?
17
Calculate the remainder when 334049 is divided by 140.
9
What is the remainder when 94005 is divided by 94003?
2
Calculate the remainder when 91757 is divided by 45871.
15
Calculate the remainder when 20944 is divided by 52.
40
What is the remainder when 2511 is divided by 34?
29
Calculate the remainder when 63479 is divided by 825.
779
What is the remainder when 1996 is divided by 588?
232
Calculate the remainder when 2547 is divided by 2547.
0
Calculate the remainder when 10502 is divided by 364.
310
What is the remainder when 10958 is divided by 5?
3
Calculate the remainder when 78212 is divided by 78.
56
Calculate the remainder when 19731 is divided by 19687.
44
Calculate the remainder when 97578 is divided by 110.
8
Calculate the remainder when 6103 is divided by 28.
27
Calculate the remainder when 23689 is divided by 538.
17
Calculate the remainder when 9003 is divided by 933.
606
Calculate the remainder when 2437 is divided by 936.
565
What is the remainder when 2302 is divided by 143?
14
What is the remainder when 329 is divided by 164?
1
Calculate the remainder when 76169 is divided by 38083.
3
Calculate the remainder when 41398 is divided by 99.
16
What is the remainder when 1652 is divided by 419?
395
What is the remainder when 8366 is divided by 1902?
758
What is the remainder when 683 is divided by 63?
53
Calculate the remainder when 280461 is divided by 33.
27
Calculate the remainder when 934225 is divided by 233554.
9
Calculate the remainder when 2313 is divided by 1138.
37
What is the remainder when 710822 is divided by 939?
938
What is the remainder when 5569 is divided by 429?
421
What is the remainder when 54047 is divided by 679?
406
Calculate the remainder when 1536875 is divided by 14.
11
What is the remainder when 20218 is divided by 281?
267
What is the remainder when 8499 is divided by 243?
237
Calculate the remainder when 54533 is divided by 18177.
2
What is the remainder when 6370 is divided by 236?
234
Calculate the remainder when 646 is divided by 317.
12
What is the remainder when 5938 is divided by 747?
709
Calculate the remainder when 38071 is divided by 595.
586
Calculate the remainder when 37518 is divided by 97.
76
What is the remainder when 194659 is divided by 24331?
11
What is the remainder when 644 is divided by 267?
110
What is the remainder when 1029 is divided by 339?
12
Calculate the remainder when 21974 is divided by 131.
97
Calculate the remainder when 1998 is divided by 120.
78
Calculate the remainder when 13975 is divided by 58.
55
What is the remainder when 68 is divided by 21?
5
Calculate the remainder when 11437 is divided by 3086.
2179
What is the remainder when 8429 is divided by 494?
31
What is the remainder when 208789 is divided by 69590?
19
Calculate the remainder when 70761 is divided by 20.
1
Calculate the remainder when 1105 is divided by 99.
16
What is the remainder when 4420 is divided by 1743?
934
What is the remainder when 84487 is divided by 21119?
11
What is the remainder when 12372 is divided by 2984?
436
What is the remainder when 2033 is divided by 674?
11
What is the remainder when 310748 is divided by 747?
743
Calculate the remainder when 3782 is divided by 3759.
23
Calculate the remainder when 4344 is divided by 149.
23
Calculate the remainder when 124370 is divided by 412.
358
Calculate the remainder when 15561 is divided by 1556.
1
What is the remainder when 68232 is divided by 61?
34
What is the remainder when 13012 is divided by 791?
356
What is the remainder when 372070 is divided by 93014?
14
Calculate the remainder when 473347 is divided by 51.
16
What is the remainder when 141012 is divided by 1516?
24
Calculate the remainder when 153943 is divided by 12.
7
Calculate the remainder when 99014 is divided by 24751.
10
What is the remainder when 2698 is divided by 180?
178
Calculate the remainder when 10418 is divided by 110.
78
What is the remainder when 22791 is divided by 37?
36
Calculate the remainder when 179709 is divided by 10.
9
What is the remainder when 35787 is divided by 628?
619
What is the remainder when 8062 is divided by 252?
250
Calculate the remainder when 38870 is divided by 288.
278
Calculate the remainder when 154501 is divided by 515.
1
Calculate the remainder when 4307 is divided by 1098.
1013
What 